Let l = -34 + 6. Let w = l - -44. Let k = w + -12. What is the units digit of k?
4
Suppose x + 3581 = f, 138*f - 2*x - 17920 = 133*f. What is the thousands digit of f?
3
Suppose -5*u + 3*x = -14, 3*u - 5*x - 9 + 7 = 0. What is the tens digit of (u/6)/((-2)/(-297))?
9
What is the hundreds digit of (-12)/(-20) - 5/((-100)/24508)?
2
Suppose -5*t + 9 = 29. What is the units digit of (1 - (-2)/t) + (-566)/(-4)?
2
Suppose -d + 20 = -y, -7*y = -d - 2*y + 8. Suppose 0 = 3*x - d + 5. What is the units digit of x?
6
Let q = -786 - -3780. What is the tens digit of q?
9
Let n = 4600 - 3170. What is the thousands digit of n?
1
Let m = -2281 + 3863. What is the units digit of m?
2
Suppose 0 = 5*v + 3*u + 47, -2*v + 3*u + 1 = 3. Let q = 91 + v. What is the tens digit of q?
8
Let b(x) = -x**2 + 12*x - 22. Suppose 4*y - 5*z - 25 = -y, 0 = -2*y - 3*z + 30. Let s be b(y). Suppose 0 = s*v - 10*v + 395. What is the tens digit of v?
7
Let f = -13 + 25. Let o be 1 + f/(-3) - -2. What is the units digit of (11 - 7) + (0 - o)?
5
Let x(s) = 15*s - 1. Let j(q) = q**3 - 8*q**2 + 7*q - 3. Let b be j(7). Let d be b + 9 + -3 + -1. What is the units digit of x(d)?
9
Suppose -8*l = -1068 + 28. What is the units digit of l?
0
Let m(a) = a**3 + 8*a**2 - 8*a + 5. Let y be m(-8). Suppose 0*s + y = i - 3*s, 3*s = 6. What is the units digit of i?
5
Let o = -31 - -23. Let j(q) = -q**2 - 9*q - 8. Let n be j(o). Suppose -a + 2*y = -60, 4*a + 2*y - 5*y - 245 = n. What is the tens digit of a?
6
Suppose -4*y - 3*d + 2008 = d, 0 = -4*y - 2*d + 2016. What is the units digit of y?
6
Suppose 0 = 2*g - g + r - 2251, 3*r = 5*g - 11239. What is the hundreds digit of g?
2
Suppose 2*u + o = 3224, o + 5 - 1615 = -u. What is the thousands digit of u?
1
Let d(r) = 19*r + 46. Let c be d(8). Suppose -l = -4*n - 0*n - 197, c = l - 5*n. What is the hundreds digit of l?
1
Suppose 10*t = 6*t + 120. Let m be t*(2 + 40/(-6)). Let u = -87 - m. What is the tens digit of u?
5
Let m be -6*((-18)/4)/3. Let l = m + -1. Suppose 0 = 5*d + y - 8 - l, 0 = -d - 2*y - 4. What is the units digit of d?
4
Let d(q) = -2*q**2 + 4*q - 2. Let z be d(2). Suppose 3*v = 2*p + 1 - 5, 0 = -2*v + p - 4. What is the units digit of v/z + (-14)/(-1)?
6
Suppose -k = 4*z - 133, 0 = -5*z + 5*k + 181 + 4. Let s(m) = -m**3 - 8*m**2 - 8*m + 5. Let l be s(-6). Let n = z + l. What is the tens digit of n?
1
Let j = 250 + 2976. What is the tens digit of j?
2
Suppose 19684 = 73*f - 45*f. What is the units digit of f?
3
Let w = -1529 - -2286. What is the tens digit of w?
5
Let c(n) be the third derivative of -1/120*n**6 + 0 + 4*n**2 + 0*n - 1/3*n**3 - 13/60*n**5 - 1/8*n**4. What is the tens digit of c(-13)?
3
Suppose -4*h - 3339 + 9163 = 0. What is the tens digit of h?
5
Let q(s) = s**3 + 2*s**2 + 2*s + 4. Let d be q(-2). Suppose -4*k - 4*i + 252 = d, 0*i - i + 181 = 3*k. What is the units digit of k?
9
Let h(f) = -f + 1. Let c(z) = -z**2 + 13*z - 14. Let r(s) = -c(s) - 2*h(s). What is the units digit of r(12)?
4
Let m(l) = -3*l + 12. Let h be m(4). Suppose 5*x - 7*x + 2 = h. What is the tens digit of (x + -2)*(-14 + -5)?
1
Let i(d) = 2*d**3 + 7*d**2 + 8*d. Let q(k) be the first derivative of k**4/4 - k**2/2 + k - 3. Let w(s) = i(s) - 3*q(s). What is the tens digit of w(8)?
2
Let l = -154 - -1998. What is the units digit of l?
4
Let c(p) = 5*p**2 - 2*p - 7. Let i(f) = f**2 + 1. Let j(y) = c(y) + 2*i(y). What is the units digit of j(-3)?
4
Let g(y) = -y**3 + 7*y**2 - 5*y + 5. Let x be (-9 - -10)*(-5)/(-1). What is the tens digit of g(x)?
3
Let g = 2 + -39. Let k = g + 56. Let x = k + 4. What is the tens digit of x?
2
What is the tens digit of (-11)/(44/(-3800)) - (-4)/(-2)?
4
Let y be 6/(-15) - (-4)/10. Suppose -2*o + 3*o - 53 = y. Suppose v = -4*v - 3*w + 265, v - o = -4*w. What is the tens digit of v?
5
Let v = 719 - 426. What is the tens digit of v?
9
Let s(h) = 3*h + 1. Let g be s(4). Let p = g - 0. Let q = p - -21. What is the tens digit of q?
3
What is the hundreds digit of (-7)/35 + ((-15676)/(-5) - 5)?
1
Let s = -88 - -91. What is the hundreds digit of 2 - 0 - s - (-360)/3?
1
Let h = 30 + 6. What is the tens digit of (-242)/(-9) + 4/h?
2
Suppose 4*g - 3*u + 15 = 0, 10 = 2*g - 0*g + 2*u. Suppose 0 = -2*o + 2*h + h - 11, 2*o - h + 21 = g. Let w(q) = -2*q + 18. What is the tens digit of w(o)?
4
What is the thousands digit of ((-239)/2)/((-62)/620)?
1
Suppose -3*m = -7*m + 12. Suppose 2*h - 4*v + m*v - 109 = 0, -2*h - 5*v = -91. What is the units digit of h?
3
Suppose 5*v + 3836 = 19*v. What is the tens digit of v?
7
Let n(o) = -13*o. Let v be n(2). Let k = -20 - v. What is the units digit of k - (2 + -1 + 0)?
5
Let m = -12 - -13. Let l(q) = 9*q - 1. Let k be l(m). Suppose -k = -5*f + c, -5*f + c = 5*c - 18. What is the units digit of f?
2
Let t be 14/(-70) + (-3782)/(-10). Suppose 0 = 4*x + 2*n - 304, 5*x - t = -5*n + 2*n. What is the tens digit of x?
7
Suppose 4*t - 4460 = -1328. Suppose x + 8*x - t = 0. What is the tens digit of x?
8
Let a be (2/(-3))/((-4)/78). Let w = 17 - a. Suppose -2*n - 4 = 0, -14 - w = -r - 2*n. What is the units digit of r?
2
Let u = 505 + -161. What is the units digit of u?
4
Let y = -34 + 24. Let l = 12 + y. Suppose h + l*w = 7*w - 9, w - 4 = 0. What is the tens digit of h?
1
Suppose -2434 = 12*i - 19450. What is the units digit of i?
8
Suppose -f + 3*f = -24. What is the units digit of (-2)/f + 1795/30?
0
Let o(q) be the second derivative of q**5/10 - q**4/6 - 11*q**3/6 + 3*q**2 - 3*q. What is the units digit of o(4)?
8
Let w(u) = 5*u**3 + 4*u**2 + u + 8. Let c be w(-4). What is the units digit of 3/4*c/(-9)?
1
Let j be (-3)/(4 - 166/40). Let d = j + -21. Let o(i) = 18*i**2 + 2*i + 2. What is the tens digit of o(d)?
1
Let v(q) = q**2 + 2*q - 2. Let w be v(-4). Suppose 11*l = 10*l + w. Suppose 2*k + l*f - f - 27 = 0, -k + f - 4 = 0. What is the units digit of k?
1
Let o be -3 + (2 - 5)*1. Let r be (-4)/o + (-38)/(-6). Let i = 17 + r. What is the tens digit of i?
2
Let i = 27 - 33. Let m be -3 - (i - -1) - -34. Let d = 44 - m. What is the units digit of d?
8
Let l(d) = d + 4. Let n be l(4). Suppose 162 = 2*f + n. What is the tens digit of f?
7
Suppose 0 = -v + 5 + 5. Suppose 3*s + i - v = 0, s = -4*s - i + 14. What is the units digit of (3 + -33)/((-3)/s)?
0
Suppose 4*z = 3*j - 8154, 0*z + 2*z = 4*j - 10862. What is the tens digit of j/115 - 4/(-10)?
2
Suppose 3*m + 0*m - 7065 = -4*z, -3*m + z = -7050. What is the hundreds digit of m?
3
Suppose -17 - 10 = -3*q. Suppose 1 = -p + q. What is the units digit of p?
8
Let f(k) = -k**2 + 9*k + 12. Let o(l) = -l**2 - 11*l. Let m be o(-10). Let r be f(m). Suppose 2*n - 6 = -2*i, -3*n + 3 = i + r*n. What is the units digit of i?
3
Suppose -4 = -3*s - 2*s + 2*q, -2*s - 5*q = 10. Let j be 8 + -9 - (s - 0). Let m = j - -24. What is the tens digit of m?
2
Suppose 483*r = 485*r - 4168. What is the thousands digit of r?
2
Suppose -5*o - 5*b + 27 = 7, -o = -4*b + 6. What is the tens digit of (o*-2)/4 + 1 + 33?
3
Let m = -21 + 55. Let c = m - 2. What is the units digit of c?
2
Suppose -52 = 2*x - 12. Let a = 23 + x. What is the units digit of ((-1)/(-2))/(a/174)?
9
Let t = 45 + 301. What is the hundreds digit of t?
3
Let y be ((-1)/(-2))/((-335)/(-110) - 3). What is the units digit of (-224)/(-22) + (-2)/y?
0
Let t = -54 + 34. What is the units digit of 3/4*-1*t?
5
Suppose 0 = 8*x - 12*x + 16. Let a = 74 - x. What is the tens digit of a?
7
Suppose -4*m - 2*u - 2 + 8 = 0, 2*m + 3*u + 3 = 0. Suppose -2*s - 10 = m*d + 2, -d = 5*s + 4. Let n = 13 - s. What is the tens digit of n?
1
Let p(l) = -8*l**2 + l. Let g(m) = -m**3 + 3*m**2 + 3*m + 3. Let b be g(4). Let r be p(b). Let i = 20 + r. What is the tens digit of i?
1
What is the hundreds digit of ((-40)/25)/((-4)/3380)?
3
Suppose 3*k = 5*m + 1821, -5*k = -3*k - 4*m - 1216. What is the tens digit of k?
0
Suppose -5*i + 2*d = -7, 0 = -3*i - 2*d - 0*d + 17. Suppose u - 241 = -o + 19, -i*u = 0. Suppose 5*j - j = o. What is the tens digit of j?
6
Suppose -2*f = 4*f + 15066. What is the units digit of f/(-63) - 2/(-14)?
0
Let g(v) be the second derivative of v**5/20 + 3*v**4/4 + 2*v**3 + 6*v**2 - 7*v. What is the units digit of g(-6)?
8
Suppose 0 = -15*n + 20*n - 6425. Suppose 103*a = 98*a + n. What is the tens digit of a?
5
Let j(a) = 6